e 5, what is -213413 + 333134?
114221
In base 4, what is -12 - -321130010112?
321130010100
In base 16, what is 2 - 5245d9?
-5245d7
In base 7, what is -4 + -20343220?
-20343224
In base 5, what is -12 + -1441042221?
-1441042233
In base 6, what is 125 + 320100003?
320100132
In base 14, what is 38d - -154d1?
15880
In base 5, what is -220 - -1241423341?
1241423121
In base 9, what is 831 - 100368?
-88437
In base 14, what is -34 - -10b?
b7
In base 12, what is -2610 - 41695?
-440a5
In base 11, what is -a32 + -5434?
-6366
In base 9, what is -284355 + 108?
-284246
In base 7, what is 4132500 - -11?
4132511
In base 16, what is cf - -53bc?
548b
In base 14, what is -6cb6 - 1465?
-833b
In base 15, what is 7 - -1e1182?
1e1189
In base 7, what is 5234 + 6530?
15064
In base 15, what is -2208be + 9?
-2208b5
In base 6, what is -5 - -200542031?
200542022
In base 12, what is a39a401 + 8?
a39a409
In base 3, what is 2022111202222 + 121121?
2022112101120
In base 8, what is 3 + 12114445?
12114450
In base 6, what is 3 + 250033054?
250033101
In base 7, what is -35611 - 11224?
-50135
In base 16, what is 40 - 4f85c?
-4f81c
In base 14, what is 2a + 53b2a0?
53b2ca
In base 6, what is 35 - -4311011544?
4311012023
In base 16, what is 495d - 1a91?
2ecc
In base 10, what is -29 - -11000371?
11000342
In base 11, what is -3 - 618a3?
-618a6
In base 5, what is -124 - -44120034?
44114410
In base 9, what is 2 - -4300345?
4300347
In base 10, what is 1915493 - -37?
1915530
In base 7, what is -13045165 + 4?
-13045161
In base 14, what is 3d7cc9c7 + -3?
3d7cc9c4
In base 9, what is 2021 + -712327?
-710306
In base 16, what is -11c4 - 7731?
-88f5
In base 9, what is 82 - -5580136?
5580228
In base 16, what is -e8cf7 + -7?
-e8cfe
In base 16, what is -13f33a + 0?
-13f33a
In base 8, what is -355 + -414055?
-414432
In base 5, what is -4 + 2130331043?
2130331034
In base 12, what is -5384291b + 1?
-5384291a
In base 7, what is -2436004 - 2433?
-2441440
In base 14, what is -5 + -462807?
-46280c
In base 2, what is -11001 + -101101100110111010110011?
-101101100110111011001100
In base 8, what is -20 + 75570?
75550
In base 15, what is -26e2267 - 0?
-26e2267
In base 4, what is 11001 + 12230202022?
12230213023
In base 16, what is -a00 - c97f?
-d37f
In base 7, what is -4013065036 + 5?
-4013065031
In base 11, what is 10aa - -5a1?
16a0
In base 5, what is 0 + -3241433303?
-3241433303
In base 12, what is 1 + 10353ba3?
10353ba4
In base 7, what is -12043611 + 16?
-12043562
In base 15, what is a0467 - 21?
a0446
In base 11, what is 43a4 + 925?
5219
In base 16, what is -d7b + -14fe?
-2279
In base 14, what is -1 + -1638c39?
-1638c3a
In base 3, what is 10211210122002210 + -12?
10211210122002121
In base 3, what is 210222 + -1100110112?
-1022122120
In base 11, what is 384 + -72a8?
-6a24
In base 2, what is -11110100011111110110 - -1010111?
-11110100011110011111
In base 8, what is -11164076 + 133?
-11163743
In base 15, what is d5cb02 - 1?
d5cb01
In base 12, what is 50 - 2a34814?
-2a34784
In base 7, what is 1100212 - -202?
1100414
In base 12, what is -18aba74 + -2?
-18aba76
In base 16, what is 6 + 335e874?
335e87a
In base 13, what is -130ca + 83a1?
-7a29
In base 15, what is 4d9cd4 - 3?
4d9cd1
In base 9, what is -4 - -16235120?
16235115
In base 7, what is -230 + 25503034?
25502504
In base 13, what is -2220 + 91246?
8c026
In base 14, what is -2 - 406736?
-406738
In base 3, what is 10 - -212100102222201?
212100102222211
In base 13, what is -3a8 + -ca283?
-ca65b
In base 9, what is 505518 + -328?
505180
In base 3, what is 1012201101 + -2021120?
1010102211
In base 12, what is 2ba085b + 0?
2ba085b
In base 16, what is -499788e6 - 0?
-499788e6
In base 11, what is 26412 - -238?
2664a
In base 12, what is -4 + -6582832?
-6582836
In base 4, what is -13223011 + 323123?
-12233222
In base 8, what is -4 - 24640753?
-24640757
In base 9, what is -1411 + 17508?
16087
In base 6, what is -4211 + 510255?
502044
In base 8, what is -151617611 - 14?
-151617625
In base 11, what is -20 + 396a41?
396a21
In base 8, what is 14314162 + -4?
14314156
In base 15, what is -a442 + 1c?
-a425
In base 9, what is 153765 + -182?
153573
In base 10, what is 2 + 27210951?
27210953
In base 14, what is 264 + ca1?
1125
In base 9, what is 10582844 + 21?
10582865
In base 13, what is 32a05 + -4468?
2b56a
In base 3, what is 10201221000001222 - 20?
10201221000001202
In base 5, what is 300 - -42114341?
42120141
In base 11, what is 3 + 16194765?
16194768
In base 3, what is 2 - -202221012122001?
202221012122010
In base 16, what is -3 + -28e7b6?
-28e7b9
In base 6, what is -3031 + -52154?
-55225
In base 6, what is -10311244 + -104?
-10311352
In base 13, what is 4521aa - -c6?
4522a3
In base 4, what is -133310230 - -110?
-133310120
In base 6, what is 10515504 + 551?
10520455
In base 16, what is -18 + -19f65?
-19f7d
In base 3, what is 2011002102200 + 10?
2011002102210
In base 7, what is 35623 - -15630?
54553
In base 13, what is 1371493 - -5?
1371498
In base 15, what is a + 9b20d?
9b218
In base 11, what is 49546 - 18a5?
47751
In base 5, what is 3 - -410300442030?
410300442033
In base 8, what is -12 + 17540000?
17537766
In base 11, what is -5 - 196a9a1?
-196a9a6
In base 13, what is -b07a62 - -1?
-b07a61
In base 13, what is -2831a310 + -2?
-2831a312
In base 12, what is 14 + 592416?
59242a
In base 11, what is 5360a6 - 267?
53593a
In base 9, what is 21514312 - -78?
21514401
In base 4, what is -2033322002201 + 11?
-2033322002130
In base 13, what is 2 + 788a4?
788a6
In base 13, what is -993 + 2aa2?
210c
In base 10, what is 4824243 - 23?
4824220
In base 12, what is 8b6 + -1b2b61?
-1b2267
In base 11, what is -147 + -26847?
-26993
In base 9, what is -886 - 18141?
-20137
In base 5, what is -1143304044 + 21?
-1143304023
In base 16, what is -31b + 43d5f?
43a44
In base 8, what is -2120 - -527533?
525413
In base 13, what is -8a09 + 32c1?
-5718
In base 2, what is 11111111110111101 - -11100100?
100000000010100001
In base 6, what is -3154 + 141533?
134335
In base 4, what is 3132220 - -313221?
10112101
In base 12, what is -639ba + -9?
-63a07
In base 13, what is -1 + 33a0b?
33a0a
In base 14, what is 33864d1 + -3?
33864cc
In base 10, what is -84740 - 10?
-84750
In base 16, what is 2 + -a74e718?
-a74e716
In base 11, what is 2581865 + -2?
2581863
In base 10, what is -172887230 + 1?
-172887229
In base 16, what is 5af648f8 - -1?
5af648f9
In base 13, what is -5 - 10a5235c?
-10a52364
In base 2, what is 100001000010101110011 + -101?
100001000010101101110
In base 12, what is 10792a7 - 2a?
1079279
In base 6, what is 42213233232 - 0?
42213233232
In base 3, what is -1021200202100 - 100021?
-1021201002121
In base 2, what is 1110111 + 1000011101001?
1000101100000
In base 5, what is -24411220024 - -4?
-24411220020
In base 7, what is -300560114 + 4?
-300560110
In base 5, what is -14 + 1021343444?
1021343430
In base 3, what is 121200120 - 201110112?
-2202222
In base 15, what is -336e6 - -7e?
-33667
In base 15, what is -46 - 488b3?
-48909
In base 12, what is -120 - -60a902?
60a7a2
In base 10, what is 6 - -8860043?
8860049
In base 16, what is 88 + 1f54e?
1f5d6
In base 12, what is -4 + -6569669?
-6569671
In base 16, what is cb5fd4 + 1a?
cb5fee
In base 7, what is -3240 + 101436?
65166
In base 10, what is 72583 + 3965?
76548
In base 11, what is -3300 + 214aa?
191aa
In base 7, what is -20665334 - -11?
-20665323
In base 10, what is 327 + -238899?
-238572
In base 9, what is 2158177 + -3?
2158174
In base 13, what is 1a2380 + -3?
1a237a
In base 4, what is -311010111322 - 1?
-311010111323
In base 12, what is 1 - 41230867?
-41230866
In base 5, what is 2221 - -141344222?
141401443
In base 14, what is -bc0715 + 2?
-bc0713
In base 11, what is -25 - aa266?
-aa290
In base 13, what is 46 - a166?
-a120
In base 11, what is 147773 + -20?
147753
In base 11, what is -933 - -8170?
7338
In base 14, what is 1d1a + -c775?
-a859
In base 16, what is ab56f1 - -1?
ab56f2
In base 9, what is 16747 - 3271?
13466
In base 7, what is 3363554613 - 12?
3363554601
In base 2, what is -101011001001010111000100001 - 100?
-101011001001010111000100101
In base 14, what is -2 + a58789b?
a587899
In base 11, what is -2 + 496258a?
4962588
In base 9, what is 3 + -5010008?
-5010005
In base 3, what is -1020000012 + -22120?
-1020022202
In base 8, what is -161710 + 42?
-16